{"id":2,"date":"2010-09-18T21:14:40","date_gmt":"2010-09-18T21:14:40","guid":{"rendered":"https:\/\/www.quisfitcrassus.de\/wp\/?page_id=2"},"modified":"2025-09-14T00:32:10","modified_gmt":"2025-09-13T22:32:10","slug":"about","status":"publish","type":"page","link":"https:\/\/www.gfs-umweltausschuss.de\/?page_id=2","title":{"rendered":"\u00dcber uns"},"content":{"rendered":"<p><strong>Gr\u00fcndung: Ende 2009\/2010<\/strong><\/p>\n<p>Der Umweltausschuss der Graf-Friedrich-Schule hat seine Arbeit Ende 2009 aufgenommen, als im Kopierraum der GFS Papier aus Indonesien auftauchte. Dem Hilferuf der Lehrer Rollik und Schmutte folgten aus der Sch\u00fclervertretung sofort Henriette Schierholz, Niklas Schmalholz und Duc Huy Nguyen, und mit viel Schwung machte man sich gemeinsam an die Arbeit.<\/p>\n<p>Die Besch\u00e4ftigung mit der Papierproblematik ist nach wie vor ein zentrales Anliegen des Umweltausschusses. Unser Umwelt-Kiosk, in dem u.a. Hefte und Bl\u00f6cke aus Recyclingpapier angeboten wurden, musste zwar Ende 12\/2023 aus r\u00e4umlichen Gr\u00fcnden geschlossen werden, der Umwelt-Rolli ist aber t\u00e4glich unterwegs. Das Hauptaugenmerk liegt derzeit auf den zeitintensiven &#8222;Gro\u00dfprojekten&#8220; <a href=\"https:\/\/gfs-diepholz.de\/service\/schulleben-von-a-z\/beitrag\/gfs-schulgarten\/\" target=\"_blank\" rel=\"noopener\">Schulgarten<\/a> (seit dem Schuljahr 2012\/13) und <a href=\"https:\/\/gfs-diepholz.de\/service\/schulleben-von-a-z\/beitrag\/gfs-schulwald\/\" target=\"_blank\" rel=\"noopener\">Schulwald<\/a> (seit dem Schuljahr 2015\/16). Zudem werden immer wieder Projekte organisiert und durchgef\u00fchrt.<\/p>\n<p>Seit vielen Jahren f\u00fchren wir im Winter Entkusselungsaktionen am Diepholzer Moorerlebnispfad durch.<\/p>\n<p>In Zusammenarbeit mit unserem Schulassistenten k\u00fcmmern wir uns seit Ende 2009 um die sachgem\u00e4\u00dfe \u201cEntsorgung\u201d von Druckerpatronen und Tonerkartuschen, Batterien, CDs und Korken.<\/p>\n<p>Das Thema &#8222;M\u00fcll&#8220; ist uns ein Anliegen. Hier ist noch sehr viel zu verbessern.<\/p>\n<p>&nbsp;<\/p>\n<p>&nbsp;<\/p>\n<p>Ein gro\u00dfer Dank geht an unsere Mitglieder, die die Schule verlassen haben:<\/p>\n<p><strong>2025<\/strong>:\u00a0 Emma Grafe (seit 2015)<\/p>\n<p><strong>2024<\/strong>:\u00a0 Maeve Conroy (seit 2015)<\/p>\n<p><strong>2021<\/strong>: \u00a0Cornell Ehrhard (seit 2012), Emma-Jo McLaughlin (seit 2017),<\/p>\n<p><strong>2019<\/strong>: \u00a0Lena Buns (seit 2013), Heiner Tiedemann (seit 2013),<\/p>\n<p><strong>2018<\/strong>: \u00a0Berenice Borggefe (seit 2013),<\/p>\n<p><strong>2017<\/strong>: \u00a0Florian Steinbach (seit 2014),<\/p>\n<p><strong>2016<\/strong>: \u00a0Anja Addison (seit Juli 2012), Sam Addison (seit 2011), Yven Hafer (seit 2015), Giehan Haji (seit 2014),<\/p>\n<p><strong>2015<\/strong>: \u00a0Alexander Jahn (seit 2011, wechselt 2015 nach Ostfriesland),<\/p>\n<p><strong>2014<\/strong>: \u00a0Rasia Haji (seit 2010), Madlen Sander (seit 2010),<\/p>\n<p><strong>2013<\/strong>: \u00a0Ann-Christin Bloch (seit 2011), Marvin G\u00f6bberd (seit 2011), Felix Lauxtermann (seit 2011), Johanna Leewe (seit 2010), Franziska Tell (seit 2011), Leonie Wei\u00df (seit 2010), \u00a0Marcel Woo (seit Sept. 2012),<\/p>\n<p><strong>2012<\/strong>: \u00a0Annalena Brokering,\u00a0Michelle Emker, Svenja Guhr, Vera Horeschi, Marie Kattelmann,\u00a0Sandra Nierentz, Esther Overbecke,\u00a0Jonas Preine,\u00a0Melanie Sackmaier,<br \/>\nj\u00fcngere Jahrg\u00e4nge: Jasmin Grambart, Sophie Hille, Elisabeth Leewe, Vanessa Terkowski, Evelyn Wei\u00df,<br \/>\nehemalige Lehrer: Jens Rollik (Gr\u00fcndungsmitglied, wechselt 2012 nach Ostfriesland), Christina M\u00e4hlmann (wechselt 2012 in den P\u00e4dagogischen Austauschdienst), Michaela Jurka (beendet ihr Referendariat),<\/p>\n<p><strong>2011<\/strong>: \u00a0Jan-Christian Bahr,\u00a0Christopher Bell, Niclas Dehmel, Julia Dobrick, Jan-Frederik Lei\u00dfner,\u00a0<a href=\"https:\/\/www.kreiszeitung.de\/lokales\/diepholz\/diepholz-ort28581\/diepholzer-nguyen-mannheim-soziales-unternehmertum-8467927.html\">Duc Huy Nguyen<\/a> (Gr\u00fcndungsmitglied), Victoria Quebe, Niklas Schmalholz (Gr\u00fcndungsmitglied), Shagana Shanmuganathan, Kevin Wendel,<\/p>\n<p><strong>2010<\/strong>: \u00a0Etti Schierholz (Gr\u00fcndungsmitglied).<\/p>\n","protected":false},"excerpt":{"rendered":"<p>Gr\u00fcndung: Ende 2009\/2010 Der Umweltausschuss der Graf-Friedrich-Schule hat seine Arbeit Ende 2009 aufgenommen, als im Kopierraum der GFS Papier aus Indonesien auftauchte. Dem Hilferuf der Lehrer Rollik und Schmutte folgten aus der Sch\u00fclervertretung sofort Henriette Schierholz, Niklas Schmalholz und Duc Huy Nguyen, und mit viel Schwung machte man sich gemeinsam an die Arbeit. Die Besch\u00e4ftigung [&hellip;]<\/p>\n","protected":false},"author":1,"featured_media":0,"parent":0,"menu_order":0,"comment_status":"open","ping_status":"closed","template":"","meta":{"footnotes":""},"class_list":["post-2","page","type-page","status-publish","hentry"],"_links":{"self":[{"href":"https:\/\/www.gfs-umweltausschuss.de\/index.php?rest_route=\/wp\/v2\/pages\/2","targetHints":{"allow":["GET"]}}],"collection":[{"href":"https:\/\/www.gfs-umweltausschuss.de\/index.php?rest_route=\/wp\/v2\/pages"}],"about":[{"href":"https:\/\/www.gfs-umweltausschuss.de\/index.php?rest_route=\/wp\/v2\/types\/page"}],"author":[{"embeddable":true,"href":"https:\/\/www.gfs-umweltausschuss.de\/index.php?rest_route=\/wp\/v2\/users\/1"}],"replies":[{"embeddable":true,"href":"https:\/\/www.gfs-umweltausschuss.de\/index.php?rest_route=%2Fwp%2Fv2%2Fcomments&post=2"}],"version-history":[{"count":252,"href":"https:\/\/www.gfs-umweltausschuss.de\/index.php?rest_route=\/wp\/v2\/pages\/2\/revisions"}],"predecessor-version":[{"id":11470,"href":"https:\/\/www.gfs-umweltausschuss.de\/index.php?rest_route=\/wp\/v2\/pages\/2\/revisions\/11470"}],"wp:attachment":[{"href":"https:\/\/www.gfs-umweltausschuss.de\/index.php?rest_route=%2Fwp%2Fv2%2Fmedia&parent=2"}],"curies":[{"name":"wp","href":"https:\/\/api.w.org\/{rel}","templated":true}]}}

Über uns

<p><strong>Gründung: Ende 2009/2010</strong></p>
<p>Der Umweltausschuss der Graf-Friedrich-Schule hat seine Arbeit Ende 2009 aufgenommen, als im Kopierraum der GFS Papier aus Indonesien auftauchte. Dem Hilferuf der Lehrer Rollik und Schmutte folgten aus der Schülervertretung sofort Henriette Schierholz, Niklas Schmalholz und Duc Huy Nguyen, und mit viel Schwung machte man sich gemeinsam an die Arbeit.</p>
<p>Die Beschäftigung mit der Papierproblematik ist nach wie vor ein zentrales Anliegen des Umweltausschusses. Unser Umwelt-Kiosk, in dem u.a. Hefte und Blöcke aus Recyclingpapier angeboten wurden, musste zwar Ende 12/2023 aus räumlichen Gründen geschlossen werden, der Umwelt-Rolli ist aber täglich unterwegs. Das Hauptaugenmerk liegt derzeit auf den zeitintensiven &#8222;Großprojekten&#8220; <a href="https://gfs-diepholz.de/service/schulleben-von-a-z/beitrag/gfs-schulgarten/" target="_blank" rel="noopener">Schulgarten</a> (seit dem Schuljahr 2012/13) und <a href="https://gfs-diepholz.de/service/schulleben-von-a-z/beitrag/gfs-schulwald/" target="_blank" rel="noopener">Schulwald</a> (seit dem Schuljahr 2015/16). Zudem werden immer wieder Projekte organisiert und durchgeführt.</p>
<p>Seit vielen Jahren führen wir im Winter Entkusselungsaktionen am Diepholzer Moorerlebnispfad durch.</p>
<p>In Zusammenarbeit mit unserem Schulassistenten kümmern wir uns seit Ende 2009 um die sachgemäße “Entsorgung” von Druckerpatronen und Tonerkartuschen, Batterien, CDs und Korken.</p>
<p>Das Thema &#8222;Müll&#8220; ist uns ein Anliegen. Hier ist noch sehr viel zu verbessern.</p>
<p>&nbsp;</p>
<p>&nbsp;</p>
<p>Ein großer Dank geht an unsere Mitglieder, die die Schule verlassen haben:</p>
<p><strong>2025</strong>:  Emma Grafe (seit 2015)</p>
<p><strong>2024</strong>:  Maeve Conroy (seit 2015)</p>
<p><strong>2021</strong>:  Cornell Ehrhard (seit 2012), Emma-Jo McLaughlin (seit 2017),</p>
<p><strong>2019</strong>:  Lena Buns (seit 2013), Heiner Tiedemann (seit 2013),</p>
<p><strong>2018</strong>:  Berenice Borggefe (seit 2013),</p>
<p><strong>2017</strong>:  Florian Steinbach (seit 2014),</p>
<p><strong>2016</strong>:  Anja Addison (seit Juli 2012), Sam Addison (seit 2011), Yven Hafer (seit 2015), Giehan Haji (seit 2014),</p>
<p><strong>2015</strong>:  Alexander Jahn (seit 2011, wechselt 2015 nach Ostfriesland),</p>
<p><strong>2014</strong>:  Rasia Haji (seit 2010), Madlen Sander (seit 2010),</p>
<p><strong>2013</strong>:  Ann-Christin Bloch (seit 2011), Marvin Göbberd (seit 2011), Felix Lauxtermann (seit 2011), Johanna Leewe (seit 2010), Franziska Tell (seit 2011), Leonie Weiß (seit 2010),  Marcel Woo (seit Sept. 2012),</p>
<p><strong>2012</strong>:  Annalena Brokering, Michelle Emker, Svenja Guhr, Vera Horeschi, Marie Kattelmann, Sandra Nierentz, Esther Overbecke, Jonas Preine, Melanie Sackmaier,<br />
jüngere Jahrgänge: Jasmin Grambart, Sophie Hille, Elisabeth Leewe, Vanessa Terkowski, Evelyn Weiß,<br />
ehemalige Lehrer: Jens Rollik (Gründungsmitglied, wechselt 2012 nach Ostfriesland), Christina Mählmann (wechselt 2012 in den Pädagogischen Austauschdienst), Michaela Jurka (beendet ihr Referendariat),</p>
<p><strong>2011</strong>:  Jan-Christian Bahr, Christopher Bell, Niclas Dehmel, Julia Dobrick, Jan-Frederik Leißner, <a href="https://www.kreiszeitung.de/lokales/diepholz/diepholz-ort28581/diepholzer-nguyen-mannheim-soziales-unternehmertum-8467927.html">Duc Huy Nguyen</a> (Gründungsmitglied), Victoria Quebe, Niklas Schmalholz (Gründungsmitglied), Shagana Shanmuganathan, Kevin Wendel,</p>
<p><strong>2010</strong>:  Etti Schierholz (Gründungsmitglied).</p>

<p>Gründung: Ende 2009/2010 Der Umweltausschuss der Graf-Friedrich-Schule hat seine Arbeit Ende 2009 aufgenommen, als im Kopierraum der GFS Papier aus Indonesien auftauchte. Dem Hilferuf der Lehrer Rollik und Schmutte folgten aus der Schülervertretung sofort Henriette Schierholz, Niklas Schmalholz und Duc Huy Nguyen, und mit viel Schwung machte man sich gemeinsam an die Arbeit. Die Beschäftigung [&hellip;]</p>
